{"id":7602,"date":"2022-05-18T14:37:46","date_gmt":"2022-05-18T14:37:46","guid":{"rendered":"https:\/\/www.centraldefocos.com\/productos\/?post_type=product&#038;p=7602"},"modified":"2022-05-18T14:37:46","modified_gmt":"2022-05-18T14:37:46","slug":"luminaria-eg-bp-bd","status":"publish","type":"product","link":"https:\/\/www.centraldefocos.com\/productos\/product\/luminaria-eg-bp-bd\/","title":{"rendered":"Luminaria EG-BP-BD"},"content":{"rendered":"<p>La luminaria EG-BP-BD esta dise\u00f1ada en aluminio resistente a la corrosi\u00f3n, as\u00ed como sellada y resistente al polvo y humedad, Es un ba\u00f1ador tipo SPOT para enfocar su iluminaci\u00f3n a puntos espec\u00edficos y largas distancias.<\/p>\n<p><img loading=\"lazy\" class=\"alignnone size-full wp-image-7603\" src=\"https:\/\/www.centraldefocos.com\/productos\/wp-content\/uploads\/2022\/05\/Screen-Shot-2022-05-18-at-9.34.05-a.m..png\" alt=\"\" width=\"676\" height=\"665\" srcset=\"https:\/\/www.centraldefocos.com\/productos\/wp-content\/uploads\/2022\/05\/Screen-Shot-2022-05-18-at-9.34.05-a.m..png 676w, https:\/\/www.centraldefocos.com\/productos\/wp-content\/uploads\/2022\/05\/Screen-Shot-2022-05-18-at-9.34.05-a.m.-480x472.png 480w\" sizes=\"(min-width: 0px) and (max-width: 480px) 480px, (min-width: 481px) 676px, 100vw\" \/> <img loading=\"lazy\" class=\"alignnone size-full wp-image-7604\" src=\"https:\/\/www.centraldefocos.com\/productos\/wp-content\/uploads\/2022\/05\/Screen-Shot-2022-05-18-at-9.33.49-a.m..png\" alt=\"\" width=\"675\" height=\"739\" srcset=\"https:\/\/www.centraldefocos.com\/productos\/wp-content\/uploads\/2022\/05\/Screen-Shot-2022-05-18-at-9.33.49-a.m..png 675w, https:\/\/www.centraldefocos.com\/productos\/wp-content\/uploads\/2022\/05\/Screen-Shot-2022-05-18-at-9.33.49-a.m.-480x526.png 480w\" sizes=\"(min-width: 0px) and (max-width: 480px) 480px, (min-width: 481px) 675px, 100vw\" \/><\/p>\n<p><iframe loading=\"lazy\" title=\"\u00bfQUE VIENE PARA ESTE 2022 EN ILUMINACI\u00d3N?\" width=\"1080\" height=\"608\" src=\"https:\/\/www.youtube.com\/embed\/-L8V2ecYn-g?feature=oembed\"  allow=\"accelerometer; autoplay; clipboard-write; encrypted-media; gyroscope; picture-in-picture\" allowfullscreen><\/iframe><\/p>\n","protected":false},"excerpt":{"rendered":"<p>La luminaria EG-BP-BD esta dise\u00f1ada en aluminio resistente a la corrosi\u00f3n, as\u00ed como sellada y resistente al polvo y humedad, Es un ba\u00f1ador tipo SPOT para enfocar su iluminaci\u00f3n a puntos espec\u00edficos y largas distancias.<\/p>\n","protected":false},"featured_media":7605,"comment_status":"open","ping_status":"closed","template":"","meta":{"_et_pb_use_builder":"","_et_pb_old_content":"","_et_gb_content_width":"","_editorskit_title_hidden":false,"_editorskit_reading_time":0,"_editorskit_typography_data":[],"_editorskit_blocks_typography":"","_editorskit_is_block_options_detached":false,"_editorskit_block_options_position":"{}","_coblocks_attr":"","_coblocks_dimensions":"","_coblocks_responsive_height":"","_coblocks_accordion_ie_support":"","spay_email":""},"product_cat":[86,108],"product_tag":[153,87,110],"_links":{"self":[{"href":"https:\/\/www.centraldefocos.com\/productos\/wp-json\/wp\/v2\/product\/7602"}],"collection":[{"href":"https:\/\/www.centraldefocos.com\/productos\/wp-json\/wp\/v2\/product"}],"about":[{"href":"https:\/\/www.centraldefocos.com\/productos\/wp-json\/wp\/v2\/types\/product"}],"replies":[{"embeddable":true,"href":"https:\/\/www.centraldefocos.com\/productos\/wp-json\/wp\/v2\/comments?post=7602"}],"wp:featuredmedia":[{"embeddable":true,"href":"https:\/\/www.centraldefocos.com\/productos\/wp-json\/wp\/v2\/media\/7605"}],"wp:attachment":[{"href":"https:\/\/www.centraldefocos.com\/productos\/wp-json\/wp\/v2\/media?parent=7602"}],"wp:term":[{"taxonomy":"product_cat","embeddable":true,"href":"https:\/\/www.centraldefocos.com\/productos\/wp-json\/wp\/v2\/product_cat?post=7602"},{"taxonomy":"product_tag","embeddable":true,"href":"https:\/\/www.centraldefocos.com\/productos\/wp-json\/wp\/v2\/product_tag?post=7602"}],"curies":[{"name":"wp","href":"https:\/\/api.w.org\/{rel}","templated":true}]}}