{"id":7445,"date":"2022-01-27T05:08:48","date_gmt":"2022-01-27T05:08:48","guid":{"rendered":"https:\/\/www.centraldefocos.com\/productos\/?post_type=product&#038;p=7445"},"modified":"2022-01-27T05:08:48","modified_gmt":"2022-01-27T05:08:48","slug":"manguera-led-5050-rg","status":"publish","type":"product","link":"https:\/\/www.centraldefocos.com\/productos\/product\/manguera-led-5050-rg\/","title":{"rendered":"MANGUERA LED 5050 RG"},"content":{"rendered":"<p>Manguera de LED 5050 RG<\/p>\n<p>Watts: 14.8 W\/m<br \/>\nMarca: Tecnoled<br \/>\nVoltaje: 127 V~<br \/>\nTipo de led: SMD 5050<br \/>\nTemperatura: 6500K \/ 3500K \/ RGB<br \/>\nDimensiones: 25m<br \/>\nGarant\u00eda: 1 a\u00f1os<\/p>\n<p>Informaci\u00f3n adicional<br \/>\nWatts<br \/>\n14.8 W\/m<\/p>\n<p>Temperatura<br \/>\n3500k, 6500k, RGB<\/p>\n<p>V~<br \/>\n127 V~<\/p>\n<p>Medidas<br \/>\nRollo de 25 metros<\/p>\n<p>IP<br \/>\n65<\/p>\n<p>Garant\u00eda<br \/>\n1 a\u00f1o de garant\u00eda<\/p>\n","protected":false},"excerpt":{"rendered":"<p>Manguera de LED 5050 RG Watts: 14.8 W\/m Marca: Tecnoled Voltaje: 127 V~ Tipo de led: SMD 5050 Temperatura: 6500K \/ 3500K \/ RGB Dimensiones: 25m Garant\u00eda: 1 a\u00f1os Informaci\u00f3n adicional Watts 14.8 W\/m Temperatura 3500k, 6500k, RGB V~ 127 V~ Medidas Rollo de 25 metros IP 65 Garant\u00eda 1 a\u00f1o de garant\u00eda<\/p>\n","protected":false},"featured_media":7446,"comment_status":"open","ping_status":"closed","template":"","meta":{"_et_pb_use_builder":"","_et_pb_old_content":"","_et_gb_content_width":"","_editorskit_title_hidden":false,"_editorskit_reading_time":0,"_editorskit_typography_data":[],"_editorskit_blocks_typography":"","_editorskit_is_block_options_detached":false,"_editorskit_block_options_position":"{}","_coblocks_attr":"","_coblocks_dimensions":"","_coblocks_responsive_height":"","_coblocks_accordion_ie_support":"","spay_email":""},"product_cat":[112,103],"product_tag":[74,113,105],"_links":{"self":[{"href":"https:\/\/www.centraldefocos.com\/productos\/wp-json\/wp\/v2\/product\/7445"}],"collection":[{"href":"https:\/\/www.centraldefocos.com\/productos\/wp-json\/wp\/v2\/product"}],"about":[{"href":"https:\/\/www.centraldefocos.com\/productos\/wp-json\/wp\/v2\/types\/product"}],"replies":[{"embeddable":true,"href":"https:\/\/www.centraldefocos.com\/productos\/wp-json\/wp\/v2\/comments?post=7445"}],"wp:featuredmedia":[{"embeddable":true,"href":"https:\/\/www.centraldefocos.com\/productos\/wp-json\/wp\/v2\/media\/7446"}],"wp:attachment":[{"href":"https:\/\/www.centraldefocos.com\/productos\/wp-json\/wp\/v2\/media?parent=7445"}],"wp:term":[{"taxonomy":"product_cat","embeddable":true,"href":"https:\/\/www.centraldefocos.com\/productos\/wp-json\/wp\/v2\/product_cat?post=7445"},{"taxonomy":"product_tag","embeddable":true,"href":"https:\/\/www.centraldefocos.com\/productos\/wp-json\/wp\/v2\/product_tag?post=7445"}],"curies":[{"name":"wp","href":"https:\/\/api.w.org\/{rel}","templated":true}]}}