{"id":7405,"date":"2022-01-27T00:00:07","date_gmt":"2022-01-27T00:00:07","guid":{"rendered":"https:\/\/www.centraldefocos.com\/productos\/?post_type=product&#038;p=7405"},"modified":"2022-01-27T04:42:42","modified_gmt":"2022-01-27T04:42:42","slug":"st8ms-em-9-w-3000-k-600-mm","status":"publish","type":"product","link":"https:\/\/www.centraldefocos.com\/productos\/product\/st8ms-em-9-w-3000-k-600-mm\/","title":{"rendered":"TUBO LED ST8MS-EM 9 W\/3000 K 600 mm"},"content":{"rendered":"<div class=\"o-table-modul\">\n<div class=\"m-tables -is-highlight -grey -product-data\">\n<div class=\"-head\">\n<h3 class=\"headline -size-medium -bold\">DATOS EL\u00c9CTRICOS<\/h3>\n<\/div>\n<div class=\"a-table\" data-require=\"clickableTableRow\">\n<table>\n<tbody>\n<tr>\n<td>Potencia nominal<\/td>\n<td>9.00 W<\/td>\n<\/tr>\n<tr>\n<td>Tensi\u00f3n nominal<\/td>\n<td>100\u2026277 V<\/td>\n<\/tr>\n<tr>\n<td>Corriente nominal<\/td>\n<td>70 mA<\/td>\n<\/tr>\n<tr>\n<td>Tipo de corriente<\/td>\n<td>Corriente alterna (AC)<\/td>\n<\/tr>\n<tr>\n<td>Frecuencia de funcionamiento<\/td>\n<td>50\u202660 Hz<\/td>\n<\/tr>\n<tr>\n<td>Frecuencia de red<\/td>\n<td>50\u202660 Hz<\/td>\n<\/tr>\n<tr>\n<td>Distorsi\u00f3n arm\u00f3nica total<\/td>\n<td>&lt; 20 %<\/td>\n<\/tr>\n<tr>\n<td>Factor de potencia \u03bb<\/td>\n<td>0,92<\/td>\n<\/tr>\n<\/tbody>\n<\/table>\n<\/div>\n<\/div>\n<\/div>\n<div class=\"o-table-modul\">\n<div class=\"m-tables -is-highlight -grey -product-data\">\n<div class=\"-head\">\n<h3 class=\"headline -size-medium -bold\">DATOS FOTOM\u00c9TRICOS<\/h3>\n<\/div>\n<div class=\"a-table\" data-require=\"clickableTableRow\">\n<table>\n<tbody>\n<tr>\n<td>Flujo luminoso<\/td>\n<td>100 lm<\/td>\n<\/tr>\n<tr>\n<td>Eficacia luminosa<\/td>\n<td>11 lm\/W<\/td>\n<\/tr>\n<tr>\n<td>Factor manten.lumen final vida \u00fa<\/td>\n<td>0.70<\/td>\n<\/tr>\n<tr>\n<td>Tono de luz (denominaci\u00f3n)<\/td>\n<td>Blanco c\u00e1lido<\/td>\n<\/tr>\n<tr>\n<td>Temperatura de color<\/td>\n<td>3000 K<\/td>\n<\/tr>\n<tr>\n<td>\u00cdndice de reproducci\u00f3n crom\u00e1tica Ra<\/td>\n<td>\u226580<\/td>\n<\/tr>\n<tr>\n<td>Tono de luz<\/td>\n<td>830<\/td>\n<\/tr>\n<\/tbody>\n<\/table>\n<\/div>\n<\/div>\n<\/div>\n<div class=\"o-table-modul\">\n<div class=\"m-tables -is-highlight -grey -product-data\">\n<div class=\"-head\">\n<h3 class=\"headline -size-medium -bold\">DIMENSIONES Y PESO<\/h3>\n<\/div>\n<div class=\"a-table\" data-require=\"clickableTableRow\">\n<table>\n<tbody>\n<tr>\n<td>Longitud total<\/td>\n<td>604.00 mm<\/td>\n<\/tr>\n<tr>\n<td>Di\u00e1metro<\/td>\n<td>28,00 mm<\/td>\n<\/tr>\n<tr>\n<td>Peso del producto<\/td>\n<td>111,00 g<\/td>\n<\/tr>\n<\/tbody>\n<\/table>\n<\/div>\n<\/div>\n<\/div>\n<div class=\"o-table-modul\">\n<div class=\"m-tables -is-highlight -grey -product-data\">\n<div class=\"-head\">\n<h3 class=\"headline -size-medium -bold\">VIDA MEDIA<\/h3>\n<\/div>\n<div class=\"a-table\" data-require=\"clickableTableRow\">\n<table>\n<tbody>\n<tr>\n<td>Vida \u00fatil nominal l\u00e1mpara<\/td>\n<td>25000 h<\/td>\n<\/tr>\n<tr>\n<td>N\u00famero de ciclos de encendidos<\/td>\n<td>200000<\/td>\n<\/tr>\n<tr>\n<td>Mante. de l\u00fam. al final de la vi<\/td>\n<td>0.70<\/td>\n<\/tr>\n<\/tbody>\n<\/table>\n<\/div>\n<\/div>\n<\/div>\n<div class=\"o-table-modul\">\n<div class=\"m-tables -is-highlight -grey -product-data\">\n<div class=\"-head\">\n<h3 class=\"headline -size-medium -bold\">DATOS ADICIONALES DEL PRODUCTO<\/h3>\n<\/div>\n<div class=\"a-table\" data-require=\"clickableTableRow\">\n<table>\n<tbody>\n<tr>\n<td>Casquillo (denominaci\u00f3n est\u00e1ndar)<\/td>\n<td>G13<\/td>\n<\/tr>\n<tr>\n<td>Contenido mercurio<\/td>\n<td>0.0 mg<\/td>\n<\/tr>\n<\/tbody>\n<\/table>\n<\/div>\n<\/div>\n<\/div>\n<div class=\"o-table-modul\">\n<div class=\"m-tables -is-highlight -grey -product-data\">\n<div class=\"-head\">\n<h3 class=\"headline -size-medium -bold\">PRESTACIONES<\/h3>\n<\/div>\n<div class=\"a-table\" data-require=\"clickableTableRow\">\n<table>\n<tbody>\n<tr>\n<td>Dimmable [calc.]<\/td>\n<td>No<\/td>\n<\/tr>\n<\/tbody>\n<\/table>\n<\/div>\n<\/div>\n<\/div>\n<div class=\"o-table-modul\">\n<div class=\"m-tables -is-highlight -grey -product-data\">\n<div class=\"-head\">\n<h3 class=\"headline -size-medium -bold\">CERTIFICADOS Y EST\u00c1NDARES<\/h3>\n<\/div>\n<div class=\"a-table\" data-require=\"clickableTableRow\">\n<table>\n<tbody>\n<tr>\n<td>Tipo de protecci\u00f3n<\/td>\n<td>IP20<\/td>\n<\/tr>\n<\/tbody>\n<\/table>\n<\/div>\n<\/div>\n<\/div>\n<div class=\"o-table-modul\">\n<div class=\"m-tables -is-highlight -grey -product-data\">\n<div class=\"-head\">\n<h3 class=\"headline -size-medium -bold\">CATEGORIZACIONES ESPEC\u00cdFICAS DE PA\u00cdS<\/h3>\n<\/div>\n<div class=\"a-table\" data-require=\"clickableTableRow\">\n<table>\n<tbody>\n<tr>\n<td>Referencia para pedido<\/td>\n<td>ST8MS-0.6M 9W\/8<\/td>\n<\/tr>\n<\/tbody>\n<\/table>\n<\/div>\n<\/div>\n<\/div>\n<div class=\"o-table-modul\">\n<div class=\"m-tables -is-highlight -grey -product-data\">\n<div class=\"-head\">\n<h3 class=\"headline -size-medium -bold\">DATOS DE REGULACI\u00d3N DE ETIQUETADO ENERG\u00c9TICO (EU 2019\/2015)<\/h3>\n<\/div>\n<div class=\"a-table\" data-require=\"clickableTableRow\">\n<table>\n<tbody>\n<tr>\n<td>Tipo de casquillo de la fuente luminosa (u otra interfaz el\u00e9ctrica)<\/td>\n<td>G13<\/td>\n<\/tr>\n<tr>\n<td>Largo<\/td>\n<td>604.00 mm<\/td>\n<\/tr>\n<tr>\n<td>Altura (luminarias inlcuidas)<\/td>\n<td>28,00 mm<\/td>\n<\/tr>\n<tr>\n<td>Ancho (incl. Luminarias redondas)<\/td>\n<td>28,00 mm<\/td>\n<\/tr>\n<\/tbody>\n<\/table>\n<\/div>\n<\/div>\n<\/div>\n","protected":false},"excerpt":{"rendered":"<p>DATOS EL\u00c9CTRICOS Potencia nominal 9.00 W Tensi\u00f3n nominal 100\u2026277 V Corriente nominal 70 mA Tipo de corriente Corriente alterna (AC) Frecuencia de funcionamiento 50\u202660 Hz Frecuencia de red 50\u202660 Hz Distorsi\u00f3n arm\u00f3nica total &lt; 20 % Factor de potencia \u03bb 0,92 DATOS FOTOM\u00c9TRICOS Flujo luminoso 100 lm Eficacia luminosa 11 lm\/W Factor manten.lumen final vida [&hellip;]<\/p>\n","protected":false},"featured_media":7408,"comment_status":"open","ping_status":"closed","template":"","meta":{"_et_pb_use_builder":"","_et_pb_old_content":"","_et_gb_content_width":"","_editorskit_title_hidden":false,"_editorskit_reading_time":0,"_editorskit_typography_data":[],"_editorskit_blocks_typography":"","_editorskit_is_block_options_detached":false,"_editorskit_block_options_position":"{}","_coblocks_attr":"","_coblocks_dimensions":"","_coblocks_responsive_height":"","_coblocks_accordion_ie_support":"","spay_email":""},"product_cat":[72,80],"product_tag":[73,81],"_links":{"self":[{"href":"https:\/\/www.centraldefocos.com\/productos\/wp-json\/wp\/v2\/product\/7405"}],"collection":[{"href":"https:\/\/www.centraldefocos.com\/productos\/wp-json\/wp\/v2\/product"}],"about":[{"href":"https:\/\/www.centraldefocos.com\/productos\/wp-json\/wp\/v2\/types\/product"}],"replies":[{"embeddable":true,"href":"https:\/\/www.centraldefocos.com\/productos\/wp-json\/wp\/v2\/comments?post=7405"}],"wp:featuredmedia":[{"embeddable":true,"href":"https:\/\/www.centraldefocos.com\/productos\/wp-json\/wp\/v2\/media\/7408"}],"wp:attachment":[{"href":"https:\/\/www.centraldefocos.com\/productos\/wp-json\/wp\/v2\/media?parent=7405"}],"wp:term":[{"taxonomy":"product_cat","embeddable":true,"href":"https:\/\/www.centraldefocos.com\/productos\/wp-json\/wp\/v2\/product_cat?post=7405"},{"taxonomy":"product_tag","embeddable":true,"href":"https:\/\/www.centraldefocos.com\/productos\/wp-json\/wp\/v2\/product_tag?post=7405"}],"curies":[{"name":"wp","href":"https:\/\/api.w.org\/{rel}","templated":true}]}}