{"id":7403,"date":"2022-01-26T23:56:58","date_gmt":"2022-01-26T23:56:58","guid":{"rendered":"https:\/\/www.centraldefocos.com\/productos\/?post_type=product&#038;p=7403"},"modified":"2022-01-27T04:44:50","modified_gmt":"2022-01-27T04:44:50","slug":"value-par-16-25-36-4-5-w-gu10","status":"publish","type":"product","link":"https:\/\/www.centraldefocos.com\/productos\/product\/value-par-16-25-36-4-5-w-gu10\/","title":{"rendered":"LED VALUE PAR 16 25 36 \u00b0 4.5 W\/ GU10"},"content":{"rendered":"<h5 class=\"headline -size-small -bold\">Beneficios del producto<\/h5>\n<ul class=\"a-list -unordered\">\n<li>Reemplazo r\u00e1pido, simple y seguro sin recablear<\/li>\n<li>Dise\u00f1o, dimensiones y flujo luminoso comparable a los de una l\u00e1mpara incandescente o hal\u00f3gena<\/li>\n<li>Bajos costes de mantenimiento gracias a la larga vida \u00fatil<\/li>\n<li>Sin radiaci\u00f3n UV ni radiaci\u00f3n de tipo IR cercano en el haz de luz<\/li>\n<li>Luz instant\u00e1nea al 100 %, sin tiempo de calentamiento<\/li>\n<\/ul>\n","protected":false},"excerpt":{"rendered":"<p>Beneficios del producto Reemplazo r\u00e1pido, simple y seguro sin recablear Dise\u00f1o, dimensiones y flujo luminoso comparable a los de una l\u00e1mpara incandescente o hal\u00f3gena Bajos costes de mantenimiento gracias a la larga vida \u00fatil Sin radiaci\u00f3n UV ni radiaci\u00f3n de tipo IR cercano en el haz de luz Luz instant\u00e1nea al 100 %, sin tiempo [&hellip;]<\/p>\n","protected":false},"featured_media":7404,"comment_status":"open","ping_status":"closed","template":"","meta":{"_et_pb_use_builder":"","_et_pb_old_content":"","_et_gb_content_width":"","_editorskit_title_hidden":false,"_editorskit_reading_time":0,"_editorskit_typography_data":[],"_editorskit_blocks_typography":"","_editorskit_is_block_options_detached":false,"_editorskit_block_options_position":"{}","_coblocks_attr":"","_coblocks_dimensions":"","_coblocks_responsive_height":"","_coblocks_accordion_ie_support":"","spay_email":""},"product_cat":[77,99,72],"product_tag":[78,74,73],"_links":{"self":[{"href":"https:\/\/www.centraldefocos.com\/productos\/wp-json\/wp\/v2\/product\/7403"}],"collection":[{"href":"https:\/\/www.centraldefocos.com\/productos\/wp-json\/wp\/v2\/product"}],"about":[{"href":"https:\/\/www.centraldefocos.com\/productos\/wp-json\/wp\/v2\/types\/product"}],"replies":[{"embeddable":true,"href":"https:\/\/www.centraldefocos.com\/productos\/wp-json\/wp\/v2\/comments?post=7403"}],"wp:featuredmedia":[{"embeddable":true,"href":"https:\/\/www.centraldefocos.com\/productos\/wp-json\/wp\/v2\/media\/7404"}],"wp:attachment":[{"href":"https:\/\/www.centraldefocos.com\/productos\/wp-json\/wp\/v2\/media?parent=7403"}],"wp:term":[{"taxonomy":"product_cat","embeddable":true,"href":"https:\/\/www.centraldefocos.com\/productos\/wp-json\/wp\/v2\/product_cat?post=7403"},{"taxonomy":"product_tag","embeddable":true,"href":"https:\/\/www.centraldefocos.com\/productos\/wp-json\/wp\/v2\/product_tag?post=7403"}],"curies":[{"name":"wp","href":"https:\/\/api.w.org\/{rel}","templated":true}]}}